ime factors of f.
2, 3, 47
Suppose -18 = -54*m + 45*m, -m = -3*i + 48244. What are the prime factors of i?
2, 11, 17, 43
Let d be 6/(-7) - 216/(-56). What are the prime factors of (-30)/(-5) + 161 + d?
2, 5, 17
Let y = 30 + -28. Suppose q + 0*q + p = 3, 0 = -q - 5*p + 7. Suppose q*w + y = -0*w, -3*m + 3*w + 90 = 0. List the prime factors of m.
29
Let v = 326 + -323. List the prime factors of -147*((-54)/21)/v.
2, 3, 7
Suppose -5*n - 4*j = -3*j - 23, 3*j - 19 = -5*n. Suppose 5*o + 5*s - 275 = 0, 3*s - n - 52 = -o. Let i = o + 60. What are the prime factors of i?
2, 3, 19
Let u(f) = f**2 + 7*f - 16. Let y be u(-9). Let b(i) = 3 - 15 + 51*i**2 + i + i**3 - 40*i**y. List the prime factors of b(-10).
2, 3, 13
Suppose 0 = 68*i - 413513 + 77117. What are the prime factors of i?
3, 17, 97
Let w(c) = 234*c + 690. What are the prime factors of w(23)?
2, 3, 11, 23
Let u be (0 - -1)*(2 + -5). Let z(r) = -r**3 - 13*r**2 - 13*r - 8. Let g be z(-12). What are the prime factors of (g/(-3))/(u/153)?
2, 17
Let s(c) = 7*c + 159. Let q be s(-23). Let x(n) = -253*n + 65. List the prime factors of x(q).
571
Suppose l + 3*a - 45 = 0, 4*l - 159 = 4*a - 59. Let z = l - 26. What are the prime factors of (-2)/z - 25/(-2)?
2, 3
Suppose 92*q + 54*q = -14*q + 6127520. What are the prime factors of q?
7, 5471
Let q(c) = 51*c - 7. Let s be q(5). Suppose -2*u + 292 + s = 0. Suppose 3*k - 102 - u = 0. What are the prime factors of k?
2, 31
Let d(x) = x**3 + 9*x**2 - 26*x + 10. Let k be d(-11). Suppose 29*t = 35*t - 6. What are the prime factors of (478/(-4))/t*k/(-27)?
239
Let j(r) be the first derivative of -r**3/3 + 26*r**2 - 72*r + 44. What are the prime factors of j(21)?
3, 193
Suppose -3*t - 12 = 3*d, -11 = 3*d - d - t. Let o(z) = 2*z**3 + 4*z**2 + 8*z + 7. Let u be o(d). Let i = -56 - u. List the prime factors of i.
127
Let l = 25097 + 16967. List the prime factors of l.
2, 11, 239
Suppose o - 5*o + 16 = -2*m, -20 = -5*o. Let p be 2/9 + (-21)/(-27) + m. Let q(f) = 157*f**3 + 2*f**2 + f - 2. What are the prime factors of q(p)?
2, 79
Let u = -10958 - -17872. What are the prime factors of u?
2, 3457
Let r = 17275 + 26456. What are the prime factors of r?
3, 43, 113
Let b(r) = -2*r**2 - 10*r - 10. Let a(q) = q**2 - 6*q - 31. Let p be a(9). Let x be b(p). What are the prime factors of (66/12)/(x/(-4))?
11
Let q = -17742 - -30600. What are the prime factors of q?
2, 3, 2143
Let s = 420 + -424. Let q(g) be the first derivative of -3*g**4/2 - 10*g**3/3 - 2*g**2 - 8*g + 1. What are the prime factors of q(s)?
2, 29
Suppose -177*p = -162*p - 7050. List the prime factors of p.
2, 5, 47
What are the prime factors of 1346 + 36*(-22)/(-44)?
2, 11, 31
Let b(p) = -p**3 + 4*p - 9. Let x be b(3). Let l be 4/(-3)*x/16. Suppose l*a - a = 4*k - 476, k - 2*a - 112 = 0. List the prime factors of k.
2, 3, 5
Let a = 228 - 622. Let z = a - -907. List the prime factors of z.
3, 19
Let h = 541 - 58. Let u = 138 + h. List the prime factors of u.
3, 23
Let n(o) = -4*o + 90. Let m be n(-6). Suppose -m*r + 1664 = -106*r. What are the prime factors of r?
2, 13
Suppose 2*x + 367 = 1019. Let y be (0 + -219)*(-5)/(0 + -5). Let b = x + y. List the prime factors of b.
107
Let g(q) = q**3 - 15*q**2 + 32*q - 71. Let i be g(13). Suppose -6360 = -i*x - 5*x. What are the prime factors of x?
2, 5, 53
Let x(o) = 21*o**2 - 106*o + 1958. List the prime factors of x(22).
2, 5, 11, 89
Let s be 5/((-30)/(-38)) + (-1)/3. Suppose -s*a = -2*a + 4*h - 2212, -2770 = -5*a - 4*h. List the prime factors of a.
2, 3, 31
Let o(r) = r**3 + 31*r**2 + 31*r + 111. What are the prime factors of o(-25)?
2, 1543
Let l(q) = -4*q - 14. Let u be l(-4). Suppose -m + 167 = t, 2*m - m - u*t - 179 = 0. List the prime factors of m.
3, 19
What are the prime factors of ((-203)/29)/((-1)/597)?
3, 7, 199
Suppose 96*j - 244800 = 8233 + 7711607. What are the prime factors of j?
3, 5, 5531
Suppose 5*i - 267 = -57. Let j be 4/(-14) - ((-3330)/i - 0). Let l = j - -48. What are the prime factors of l?
127
Suppose 3*b = 5*p + 11, 4*b = 5*b + p - 1. Let y(h) = -4 + 47*h + 26*h - 49*h + 41*h + 70*h. What are the prime factors of y(b)?
2, 7, 19
Suppose 16*p - 45 = 19. Suppose 0*r - p*r = -4*s + 1584, -1182 = -3*s + r. Suppose -u = -2*u - 4*n + 131, 0 = -3*u - 4*n + s. What are the prime factors of u?
131
Suppose 9*y - 112 = -76. Suppose -y*b + k + 4676 = 5*k, k + 3495 = 3*b. List the prime factors of b.
2, 11, 53
Suppose 0 = -10*w + 3255 - 245. Suppose -4985 = -4*r - w. List the prime factors of r.
1171
Suppose 2*w = -2*r - 28, 18 = -4*r + 3*w - 10. List the prime factors of 46/(-115) - 7364/r.
2, 23
Suppose -62403 = -28*v - 5*v. List the prime factors of v.
31, 61
Let x be (-14)/(-2) - (-17 + 18). Let o(k) = -31*k + 11 + x - 6. What are the prime factors of o(-6)?
197
List the prime factors of ((-2520)/98)/(15/(-6195)).
2, 3, 5, 59
Suppose 53929 = 4*g + 5*d - 236, 3*g = -5*d + 40630. List the prime factors of g.
5, 2707
Let y(p) = 2955*p - 216. List the prime factors of y(2).
2, 3, 13, 73
Suppose 8880 = 5*c + r, 5*r - 3529 = -22*c + 20*c. Suppose 0*i - 2*i + c = -5*s, -i + 887 = -2*s. List the prime factors of i.
881
Let n be 100/75*54/4. Let s(x) = -x**3 + 6*x**2 + 8*x - 5. Let f be s(7). What are the prime factors of f - (-3 + 0)*n?
2, 7
Let f = 15984 - 9411. List the prime factors of f.
3, 7, 313
Let c(k) be the third derivative of 1/120*k**6 - 7/6*k**3 + 1/4*k**4 + 0 - 1/12*k**5 + 0*k - 12*k**2. What are the prime factors of c(6)?
5, 13
Suppose c + 40 = 44. Suppose 0 = 4*o + c*u - u + 830, 0 = -3*u - 6. Let l = 356 + o. What are the prime factors of l?
2, 3, 5
Suppose 3*w = -7*c + 12*c + 2391, -2*w - 5*c = -1619. List the prime factors of w.
2, 401
Let h(l) be the third derivative of 3*l**5/2 + 5*l**4/8 + 17*l**3/6 - 6*l**2 + 5*l. List the prime factors of h(-4).
11, 127
Let d = -577 - -1628. Let p = d + -575. What are the prime factors of p?
2, 7, 17
Suppose -5*q - 4*s - 451 = 0, -5*q - 427 = 3*s - 5*s. Let w = q + 94. Suppose 393 = -4*u + w*u. What are the prime factors of u?
131
Suppose -f = -z + 7447, -z - 4*f - 932 = -8394. List the prime factors of z.
2, 5, 149
Let k(z) = -z**2 + 12*z - 16. Let c be k(10). Suppose 0 = -c*r + 2 + 834. List the prime factors of r.
11, 19
Let m(u) be the second derivative of -4*u**3/3 + 17*u**2/2 + u. Suppose -2265*r + 2262*r - 15 = 0. List the prime factors of m(r).
3, 19
Let l(m) = 2*m**2 + 6*m - 11*m**2 + 2*m**3 + 22 - m**3. Suppose -3*g = -y - 26, 0 = 3*g - 72*y + 73*y - 28. List the prime factors of l(g).
2, 19
Let f be ((-12)/21)/(2/(-14)). Let t be 2 + (4 - 0 - f). Suppose -104 - 146 = -t*l + 3*o, -o - 123 = -l. What are the prime factors of l?
7, 17
Suppose -z + 863 = 2*f, -20*z - 3*f = -23*z + 2562. Let m = z - 245. What are the prime factors of m?
2, 3, 17
Suppose -20 = -5*i, 644 + 40 = 3*j - 3*i. Let r(k) = -k**3 - 11*k**2 + 3*k - 3. Let c be r(-10). Let h = c + j. What are the prime factors of h?
3, 11
Suppose 0 = -62*n + 56*n. Suppose -27*l + 39 + 69 = n. List the prime factors of l.
2
Suppose 4*v - 45329 = -5*o, 5*o + 22284 = -5*v + 67609. What are the prime factors of o?
3, 3023
Let d = -11 + 35. Let a = 3 - d. List the prime factors of (3 - 8) + 4 - a.
2, 5
Suppose 2*l + 6 = 0, -4*l - 19 = -4*g + 17. List the prime factors of 632/g*1287/156.
11, 79
Let h(z) = z**2 - 7*z + 3. Let v be h(7). Suppose v*c - 3*o = 768, -2*o + 367 = 3*c - 391. What are the prime factors of (0 - c)*(-11)/22?
127
Suppose 224*v + 2542 = b + 227*v, -2*v = 4*b - 10128. What are the prime factors of b?
2, 5, 11, 23
Let k(s) = 5*s**2 - 134*s - 30. Let o be k(34). Let v = 1740 - o. What are the prime factors of v?
2, 3, 7, 13
What are the prime factors of (-256)/(-128)*(-12722)/(-4)?
6361
Let w(a) = -397*a + 116. Let o be w(-28). Suppose 63*v = 75*v - o. List the prime factors of v.
2, 3, 13
Let t(u) = u**3 - 7*u**2 - 8*u - 8. Suppose -f + 2 = -4. Let b = 3 + f. List the prime factors of t(b).
2, 41
Let f(h) = 11*h + 20. Let k(g) = g**2 - 9*g - 19. Let v(r) = 6*f(r) + 7*k(r). List the prime factors of v(-7).
3, 103
What are the prime factors of (-30)/10 + 2 + 4885?
2, 3, 11, 37
Let j be 4*(0 + (-1125)/(-20)). Let m = 1050 - j. Suppose 2*d + 173 = o - d, 5*d = 5*o - m. List the prime factors of o.
7, 23
Let q(b) = -26619*b + 74. 